= x**3 + x**2 + 52. Suppose 4*j - 8 - 8 = 0. Suppose j*k = k. List the prime factors of q(k).
2, 13
Let y = 83212 + -45055. What are the prime factors of y?
3, 7, 23, 79
Let n(y) = 39855*y**2 - 391*y + 391. List the prime factors of n(1).
3, 5, 2657
Let f(u) = -21*u - 6. Let d be f(-14). Suppose x - 5*w = 132, -1 - 2 = -3*w. Let h = d - x. What are the prime factors of h?
151
Suppose -13*m + 68 = -9*m. Let v be (3/4)/(m/68). Suppose -14 = -v*d - 2, -39 = -p - 2*d. List the prime factors of p.
31
Let x(t) = t**3 + 11*t**2 - 2*t - 18. Let m be x(-11). Suppose -y = -m*l - 0*l + 37, 3*l + 2*y - 14 = 0. What are the prime factors of l?
2
What are the prime factors of (-1026324)/(-132) + 16/(-88)*1?
5, 311
Let p(q) = -43*q - 103. Let m(d) = 42*d + 103. Let x(u) = 3*m(u) + 4*p(u). What are the prime factors of x(-13)?
3, 5, 11
Let k be 75/20 - 3/4. Let m be (600/k)/((-3)/(-12)*2). Let l = -238 + m. What are the prime factors of l?
2, 3
Let s = -100 + 103. Suppose -s*l = -4*o - 5, 5 = -o + 6. Suppose l*n = -0*n + 5*r + 47, 3*n + 2*r = 82. What are the prime factors of n?
2, 3
Suppose 108*c = -87*c + 764863 + 979217. What are the prime factors of c?
2, 13, 43
Let h be ((-5)/((-10)/32))/(-1). Let q = h + 18. Suppose 0 = 5*o - 5*v - 385, -5*o + q*v - v + 393 = 0. List the prime factors of o.
79
Let x(m) = -2*m**3 + 8*m**2 + 33*m + 36. Let w be x(-15). Suppose w = 8*g + 2323. Let p = -482 + g. List the prime factors of p.
239
Let w(s) = s**3 + 5*s**2 - 5*s + 11. Let y be w(-6). Suppose y*v = r + 3865, -3*v = -r - 4*r - 2319. List the prime factors of v.
773
Let g(r) = -5182*r - 1369. What are the prime factors of g(-5)?
11, 23, 97
Let q be 3/6 + (-18)/(-4). Suppose -226 = -0*u - 4*u + q*o, 4*u + 2*o = 212. Suppose 13*k - 115 - u = 0. List the prime factors of k.
13
Let i = -136 + 116. Let u be 7 + 145/i + 34/8. Suppose -u*r + 100 = 2*x, 5*r - 17 = -5*x + 98. List the prime factors of r.
3
Let c be 44/(-198) - (-47)/9. Suppose 0 = 2*b + 4*u + 82, 5*u - 163 = c*b + 102. Let d = b - -159. List the prime factors of d.
2, 5, 11
Suppose -u = -5*y, 5*y = u - 5*u - 25. Let z be (633*6/9*y)/(-2). Let i = 340 - z. What are the prime factors of i?
3, 43
Let a(u) = 982*u**3 + 3*u**2 - 4*u + 3. Let k be a(1). Let q = k - 189. What are the prime factors of q?
3, 5, 53
Suppose -2*r = -4*h + 29382, -4*r = h - 2*r - 7338. Suppose 36*k - 52*k = -h. List the prime factors of k.
3, 17
Let b(w) = -w**2 - 10*w + 4. Let v be b(-8). Let h be (-495)/v + 6/8. What are the prime factors of (-7)/(-2 + (-44)/h)?
2, 3, 7
Let n(m) = -91*m - 36. Let r be n(-2). Let g = 355 + r. List the prime factors of g.
3, 167
Let v be 3977 + (-4)/(16/28). Suppose 28*z + v = 33*z. List the prime factors of z.
2, 397
Let s be ((-21966)/(-28))/(3/6). Suppose -2*o - 30*h + s = -25*h, 3*h = -3*o + 2367. List the prime factors of o.
2, 3, 11
Suppose -5*l + 21 = 1. Suppose -l*k - 2*k + 3402 = 0. What are the prime factors of k?
3, 7
Let j(v) = 5*v**2 - 9*v + 24. Let d be (81/(-6) - -4) + 2/(-4). What are the prime factors of j(d)?
2, 307
Suppose -5*h = 4*w - 996, 272 = -3*h + 3*w + 848. Let y = 387 - h. List the prime factors of y.
191
Suppose 986 = 5*l + 29*l. Suppose -l*s = 14520 - 40968. What are the prime factors of s?
2, 3, 19
Suppose 0 = -5*a + 39385 - 5110. List the prime factors of a.
3, 5, 457
Let c(d) = -3*d - d - 235 + 0*d**2 + 9*d**2 + 23*d**2 - 3*d**3 + 4*d**3. List the prime factors of c(-31).
2, 5, 17
Let q(i) = 16*i + 120. Let h be q(19). Let r = h - 364. What are the prime factors of r?
2, 3, 5
Suppose 30 = 35*m - 25*m. Let o(y) be the third derivative of -y**6/120 + y**5/10 + y**4/12 - 5*y**3/6 - 6*y**2. What are the prime factors of o(m)?
2, 7
Let n(f) = 5*f**3 - 96*f**2 + 20*f + 44. What are the prime factors of n(22)?
2, 3, 5, 11
Let c = 71 - 68. Let t be (c - 0)/((-8)/576). Let w = t + 380. What are the prime factors of w?
2, 41
Let a(f) = -1213*f - 8637. List the prime factors of a(-79).
2, 5, 8719
List the prime factors of (-65213)/(-4) + ((-88)/220)/((-8)/(-5)).
7, 17, 137
Let o = -85 + 96. Suppose -71 = -o*x + 6. What are the prime factors of x*4/16*6*6?
3, 7
Let c be 4/(-10) + (-252)/(-30). What are the prime factors of ((-12)/c)/(-3)*220?
2, 5, 11
Let i(v) = 20*v + 122. Let j be i(-6). List the prime factors of j/((-320)/(-106) - 3).
2, 53
Suppose 2*y - 11*y = -3*y. Suppose o = 3*p + 184, -2*o + y*o - 120 = 2*p. What are the prime factors of (-3)/1 - ((-72)/9 + p)?
2, 3, 11
Let p(c) = 48*c + 68. Let f = 1009 - 982. List the prime factors of p(f).
2, 11, 31
Suppose 0 = -u - 0*u - 5*u. Let d(b) = 1 + 58*b + 4*b - 2 + u. What are the prime factors of d(1)?
61
Let l(v) = -v**3 - 7*v**2 - 4*v + 11. Let b = 56 - 62. Let z be l(b). List the prime factors of -1*57*(2/6)/z.
19
Suppose 8*r - 122 = 30. Suppose r = -5*u + 39. Suppose -z + 87 = -d, 3*d + d - 364 = -u*z. List the prime factors of z.
89
Suppose 0 = -2*a + 2*h + 8, -5*a - 3*h - 9 = 3. Suppose a = 28*r - 32*r + 1548. What are the prime factors of r?
3, 43
Suppose -5*n - 5*i = -8003 - 10402, -2*i = -2. Suppose -3*d - 5*y = -n, -d + 2*y - 3695 = -4*d. List the prime factors of d.
5, 13, 19
Suppose -5*l = -9*l + 2*m + 1766, 0 = -5*l + m + 2200. Suppose -2*c + 1327 = -l. What are the prime factors of c?
883
Let x = -6 - -16. Let t = -1146 - -1195. Let c = t + x. What are the prime factors of c?
59
Suppose 4*n + 12 + 13 = -5*z, 2*z + 3*n = -10. Let i(c) = -c. Let r be i(z). Suppose -5*s = -3*y - 668 + 229, r*s + 2*y = 449. What are the prime factors of s?
89
Let m(p) = p**3 + 4*p + 4. Let i be m(4). Let w(u) = -2*u - 27. Let l be w(-10). Let c = i + l. What are the prime factors of c?
7, 11
Let j(p) = 5*p**2 - 101*p - 8. What are the prime factors of j(-14)?
2, 1193
Let z be (-300)/15*(-3)/(-15)*-3. Let n(u) = 59*u - 168. List the prime factors of n(z).
2, 3, 5
Let w(o) = 137*o + 263. Let x be w(16). Suppose x = 6*i - 305. What are the prime factors of i?
2, 5, 23
Let t = -22 - -490. Let a = 914 - t. What are the prime factors of a?
2, 223
Let v = 796 - 786. Suppose 10696 = v*g - 7014. List the prime factors of g.
7, 11, 23
What are the prime factors of 43/(-6*(-19)/23370)?
5, 41, 43
Suppose -c - 3*i + 10143 = 0, 0 = 9*c - 11*c - i + 20321. What are the prime factors of c?
2, 3, 7, 11
List the prime factors of 1132*2 - (20 - 27).
3, 757
Suppose 15*b - 205 = 10*b. Let x = b + 354. What are the prime factors of x?
5, 79
Let a(c) be the third derivative of c**6/120 - c**4/4 - 73*c**3/6 + 18*c**2. List the prime factors of a(10).
3, 17
Let p(n) = -n**3 - 3*n**2 + 315*n - 388. What are the prime factors of p(-39)?
42083
Let p(v) be the third derivative of 61*v**4/24 - 3*v**3 + 88*v**2. List the prime factors of p(4).
2, 113
Let r = 85 + -202. Let u = r + 171. Let o = u + -31. List the prime factors of o.
23
Suppose 14*s + 5*h + 29565 = 19*s, h + 29569 = 5*s. What are the prime factors of s?
2, 2957
Let v = -80 - -405. Suppose 49*b = 44*b + v. What are the prime factors of b?
5, 13
List the prime factors of ((-42)/(-6) - 15)/((-10)/2445).
2, 3, 163
Suppose 0 = -54*j + 56*j + 2*u - 302, 3*u = 3*j - 465. What are the prime factors of j?
3, 17
Suppose -5*l = -j + 25561, 0 = -4*j - 3*l + 38021 + 64246. What are the prime factors of j?
2, 3, 4261
Let s = -234 - -242. Suppose -s*t - 51 + 1035 = 0. What are the prime factors of t?
3, 41
Let v be 460/(-6)*((-1078)/35 + -4). Suppose -i - i + v = 5*m, -4*i + 530 = m. What are the prime factors of m?
2, 3, 89
Let d be (-10)/(-6*(-4)/96). List the prime factors of (-60)/d*1072/6.
2, 67
Let r be ((-14)/(-4))/(3/(-6)). Let a(y) = -2*y**3 + 11*y**2 + 22*y + 126. List the prime factors of a(r).
3, 7, 19
Let z(n) be the third derivative of -223*n**6/30 + 13*n**4/24 + 7*n**3/3 - n**2 - 19*n. What are the prime factors of z(-1)?
19, 47
List the prime factors of (5368/(-33) + -9 + 2)*-18.
2, 3, 509
Let x = -61 + 66. What are the prime factors of (-1)/3*(x - 1037)?
2, 43
Suppose t + 2*l = -3*l - 16, -4*t = 2*l - 8. Suppose -t*o = -d - 10, 0*d - 5*o - 25 = -5*d. Suppose -x + d + 167 = 0. List the prime factors of x.
3, 59
Suppose -7*z = -43*z - 101150 + 459638. List the prime factors of z.
2, 13, 383
Let a = -491 + 496. Suppose 0*h - 1031 = -3*f - 5*h, a*h = -10. What are the prime factors of f?
347
Let c(